y 59?
47
Calculate the remainder when 1177 is divided by 588.
1
What is the remainder when 6152 is divided by 2046?
14
What is the remainder when 280 is divided by 13?
7
Calculate the remainder when 4059 is divided by 140.
139
Calculate the remainder when 1019 is divided by 27.
20
Calculate the remainder when 262 is divided by 27.
19
Calculate the remainder when 1400 is divided by 4.
0
Calculate the remainder when 566 is divided by 9.
8
What is the remainder when 1049 is divided by 470?
109
Calculate the remainder when 167 is divided by 24.
23
What is the remainder when 159 is divided by 5?
4
Calculate the remainder when 5751 is divided by 574.
11
Calculate the remainder when 494 is divided by 161.
11
What is the remainder when 477 is divided by 48?
45
Calculate the remainder when 521 is divided by 258.
5
Calculate the remainder when 84 is divided by 42.
0
Calculate the remainder when 264 is divided by 86.
6
What is the remainder when 330 is divided by 110?
0
Calculate the remainder when 243 is divided by 47.
8
Calculate the remainder when 8656 is divided by 27.
16
Calculate the remainder when 172 is divided by 13.
3
Calculate the remainder when 425 is divided by 26.
9
Calculate the remainder when 810 is divided by 116.
114
What is the remainder when 241 is divided by 236?
5
What is the remainder when 694 is divided by 229?
7
Calculate the remainder when 183 is divided by 44.
7
Calculate the remainder when 2943 is divided by 92.
91
Calculate the remainder when 1090 is divided by 51.
19
Calculate the remainder when 280 is divided by 96.
88
What is the remainder when 87 is divided by 8?
7
Calculate the remainder when 470 is divided by 152.
14
Calculate the remainder when 197 is divided by 29.
23
What is the remainder when 89 is divided by 27?
8
What is the remainder when 80 is divided by 67?
13
What is the remainder when 84 is divided by 47?
37
What is the remainder when 68 is divided by 18?
14
What is the remainder when 2159 is divided by 108?
107
Calculate the remainder when 5164 is divided by 123.
121
What is the remainder when 3050 is divided by 53?
29
What is the remainder when 6593 is divided by 11?
4
What is the remainder when 11279 is divided by 5636?
7
What is the remainder when 1076 is divided by 60?
56
What is the remainder when 16252 is divided by 86?
84
What is the remainder when 474 is divided by 68?
66
Calculate the remainder when 166 is divided by 22.
12
What is the remainder when 1848 is divided by 74?
72
Calculate the remainder when 33 is divided by 30.
3
Calculate the remainder when 81 is divided by 29.
23
Calculate the remainder when 55 is divided by 41.
14
What is the remainder when 382 is divided by 32?
30
Calculate the remainder when 149 is divided by 19.
16
What is the remainder when 377 is divided by 173?
31
Calculate the remainder when 13 is divided by 5.
3
What is the remainder when 51 is divided by 21?
9
Calculate the remainder when 849 is divided by 6.
3
Calculate the remainder when 512 is divided by 25.
12
Calculate the remainder when 166 is divided by 33.
1
Calculate the remainder when 1052 is divided by 4.
0
Calculate the remainder when 13228 is divided by 7.
5
What is the remainder when 349 is divided by 71?
65
What is the remainder when 156 is divided by 35?
16
What is the remainder when 1278 is divided by 251?
23
What is the remainder when 545 is divided by 22?
17
What is the remainder when 63 is divided by 44?
19
What is the remainder when 401 is divided by 81?
77
Calculate the remainder when 109 is divided by 42.
25
What is the remainder when 689 is divided by 207?
68
Calculate the remainder when 1053 is divided by 172.
21
What is the remainder when 349 is divided by 10?
9
What is the remainder when 449 is divided by 76?
69
What is the remainder when 24 is divided by 4?
0
Calculate the remainder when 9465 is divided by 148.
141
What is the remainder when 612 is divided by 157?
141
Calculate the remainder when 141 is divided by 37.
30
What is the remainder when 2212 is divided by 55?
12
Calculate the remainder when 155 is divided by 34.
19
What is the remainder when 3867 is divided by 74?
19
What is the remainder when 7719 is divided by 193?
192
What is the remainder when 2073 is divided by 99?
93
What is the remainder when 153 is divided by 29?
8
What is the remainder when 308 is divided by 52?
48
Calculate the remainder when 1404 is divided by 45.
9
What is the remainder when 195 is divided by 49?
48
Calculate the remainder when 31187 is divided by 113.
112
Calculate the remainder when 90 is divided by 37.
16
What is the remainder when 3406 is divided by 62?
58
What is the remainder when 139 is divided by 125?
14
Calculate the remainder when 219 is divided by 30.
9
What is the remainder when 460 is divided by 62?
26
What is the remainder when 185 is divided by 16?
9
Calculate the remainder when 2839 is divided by 49.
46
Calculate the remainder when 458 is divided by 46.
44
What is the remainder when 1807 is divided by 118?
37
Calculate the remainder when 858 is divided by 217.
207
What is the remainder when 922 is divided by 12?
10
What is the remainder when 171 is divided by 25?
21
What is the remainder when 833 is divided by 39?
14
What is the remainder when 695 is divided by 64?
55
What is the remainder when 285 is divided by 92?
9
Calculate the remainder when 2252 is divided by 11.
8
Calculate the remainder when 450 is divided by 108.
18
What is the remainder when 2800 is divided by 200?
0
What is the remainder when 795 is divided by 103?
74
Calculate the remainder when 782 is divided by 131.
127
Calculate the remainder when 303 is divided by 34.
31
Calculate the remainder when 559 is divided by 173.
40
Calculate the remainder when 114 is divided by 13.
10
Calculate the remainder when 15 is divided by 7.
1
What is the remainder when 220 is divided by 26?
12
What is the remainder when 472 is divided by 53?
48
What is the remainder when 2565 is divided by 12?
9
What is the remainder when 485 is divided by 80?
5
What is the remainder when 627 is divided by 69?
6
Calculate the remainder when 117 is divided by 16.
5
What is the remainder when 129 is divided by 5?
4
Calculate the remainder when 226 is divided by 13.
5
What is the remainder when 739 is divided by 51?
25
What is the remainder when 72 is divided by 24?
0
Calculate the remainder when 296 is divided by 75.
71
What is the remainder when 5173 is divided by 75?
73
Calculate the remainder when 2685 is divided by 17.
16
Calculate the remainder when 1628 is divided by 96.
92
What is the remainder when 341 is divided by 23?
19
Calculate the remainder when 98 is divided by 25.
23
What is the remainder when 44 is divided by 6?
2
Calculate the remainder when 181 is divided by 83.
15
What is the remainder when 512 is divided by 65?
57
Calculate the remainder when 805 is divided by 171.
121
What is the remainder when 354 is divided by 24?
18
What is the remainder when 617 is divided by 62?
59
What is the remainder when 4571 is divided by 127?
126
What is the remainder when 30 is divided by 17?
13
What is the remainder when 1206 is divided by 135?
126
Calculate the remainder when 47 is divided by 32.
15
What is the remainder when 844 is divided by 8?
4
What is the remainder when 22796 is divided by 228?
224
What is the remainder when 867 is divided by 113?
76
Calculate the remainder when 359 is divided by 24.
23
What is the remainder when 195 is divided by 55?
30
What is the remainder when 6360 is divided by 7?
4
What is the remainder when 286 is divided by 41?
40
Calculate the remainder when 189 is divided by 100.
89
What is the remainder when 415 is divided by 38?
35
Calculate the remainder when 1147 is divided by 97.
80
What is the remainder when 70 is divided by 11?
4
Calculate the remainder when 1268 is divided by 630.
8
What is the remainder when 40056 is divided by 20?
16
What is the remainder when 11380 is divided by 345?
340
What is the remainder when 14809 is divided by 1851?
1
Calculate the remainder when 598 is divided by 187.
37
What is the remainder when 3408 is divided by 9?
6
What is the remainder when 42 is divided by 9?
6
What is the remainder when 159 is divided by 8?
7
What is the remainder when 91 is divided by 11?
3
What is the remain